{"id":744,"date":"2025-08-09T17:57:42","date_gmt":"2025-08-09T22:57:42","guid":{"rendered":"https:\/\/fundacionkairos.org\/?page_id=744"},"modified":"2025-09-02T13:17:19","modified_gmt":"2025-09-02T18:17:19","slug":"centro-medico-escolar","status":"publish","type":"page","link":"https:\/\/fundacionkairos.org\/en\/centro-medico-escolar\/","title":{"rendered":"School Medical Center"},"content":{"rendered":"<div data-elementor-type=\"wp-page\" data-elementor-id=\"744\" class=\"elementor elementor-744\" data-elementor-post-type=\"page\">\n\t\t\t\t<div class=\"elementor-element elementor-element-4238c0cd e-con-full e-flex e-con e-parent\" data-id=\"4238c0cd\" data-element_type=\"container\" data-settings=\"{&quot;background_background&quot;:&quot;classic&quot;}\">\n\t\t\t\t<div class=\"elementor-element elementor-element-90c802c elementor-widget elementor-widget-heading\" data-id=\"90c802c\" data-element_type=\"widget\" data-widget_type=\"heading.default\">\n\t\t\t\t<div class=\"elementor-widget-container\">\n\t\t\t\t\t<h1 class=\"elementor-heading-title elementor-size-default\">School Medical Center<\/h1>\t\t\t\t<\/div>\n\t\t\t\t<\/div>\n\t\t\t\t<\/div>\n\t\t<div class=\"elementor-element elementor-element-2a252e5a e-flex e-con-boxed e-con e-parent\" data-id=\"2a252e5a\" data-element_type=\"container\">\n\t\t\t\t\t<div class=\"e-con-inner\">\n\t\t\t\t<div class=\"elementor-element elementor-element-7f586f84 elementor-widget elementor-widget-text-editor\" data-id=\"7f586f84\" data-element_type=\"widget\" data-widget_type=\"text-editor.default\">\n\t\t\t\t<div class=\"elementor-widget-container\">\n\t\t\t\t\t\t\t\t\t<p><span style=\"font-weight: 400;\">As part of our foundation's commitment to the comprehensive education of children and adolescents, we have a School Medical Center serving the entire educational community. This space was created to care for, prevent, and promote the physical and emotional health of our students, using a humane, inclusive, and educational approach.<\/span><\/p><p><span style=\"font-weight: 400;\">The School Medical Center is made up of qualified professionals who provide care in two key areas:<\/span><\/p><p><span style=\"font-weight: 400;\">\ud83d\udd39<\/span><span style=\"font-weight: 400;\"> School Dentistry<\/span><\/p><p><span style=\"font-weight: 400;\">We promote oral health care from an early age, with regular checkups, preventative talks, and basic treatments. We understand that a healthy smile not only improves the health of our students, but also their self-esteem and confidence.<\/span><\/p><p><span style=\"font-weight: 400;\">\ud83d\udd39<\/span><span style=\"font-weight: 400;\"> Alternative Medicine<\/span><\/p><p><span style=\"font-weight: 400;\">We offer alternative medicine as a complementary form of care, respectful of the body and natural healing processes. Through noninvasive therapies, we help improve the physical, mental, and emotional well-being of our students, supporting them in their holistic development.<\/span><\/p><p><span style=\"font-weight: 400;\">We firmly believe that quality education also means ensuring spaces where children and young people feel protected, listened to, and cared for in all their dimensions. The School Medical Center is a testament to the institutional commitment to the life, dignity, and full development of every student.<\/span><\/p>\t\t\t\t\t\t\t\t<\/div>\n\t\t\t\t<\/div>\n\t\t\t\t\t<\/div>\n\t\t\t\t<\/div>\n\t\t<div class=\"elementor-element elementor-element-5ce7020 e-flex e-con-boxed e-con e-parent\" data-id=\"5ce7020\" data-element_type=\"container\">\n\t\t\t\t\t<div class=\"e-con-inner\">\n\t\t\t\t<div class=\"elementor-element elementor-element-8088797 ee-grid-columns-3 ee-grid-columns-tablet-2 ee-grid-columns-mobile-1 ee-grid-halign--left ee-grid-align--top ee-gallery-overflow-tablet--yes ee-gallery-overflow-mobile--yes elementor-widget elementor-widget-gallery-extra\" data-id=\"8088797\" data-element_type=\"widget\" data-settings=\"{&quot;tilt_enable&quot;:&quot;yes&quot;,&quot;columns&quot;:&quot;3&quot;,&quot;columns_tablet&quot;:&quot;2&quot;,&quot;columns_mobile&quot;:&quot;1&quot;,&quot;tilt_amount&quot;:{&quot;unit&quot;:&quot;px&quot;,&quot;size&quot;:20,&quot;sizes&quot;:[]},&quot;tilt_scale&quot;:{&quot;unit&quot;:&quot;px&quot;,&quot;size&quot;:1.05,&quot;sizes&quot;:[]},&quot;tilt_speed&quot;:{&quot;unit&quot;:&quot;px&quot;,&quot;size&quot;:800,&quot;sizes&quot;:[]}}\" data-widget_type=\"gallery-extra.default\">\n\t\t\t\t<div class=\"elementor-widget-container\">\n\t\t\t\t\t<div class=\"ee-gallery-wrapper\">\n\t\t\t<div class=\"ee-gallery ee-grid ee-grid--gallery ee-gallery__gallery\"><div class=\"ee-gallery__item ee-gallery__item--1 ee-grid__item\">\n\t\t\t\t<a class=\"ee-media ee-gallery__media\" data-elementor-open-lightbox=\"yes\" data-elementor-lightbox-slideshow=\"8088797_744\" data-elementor-lightbox-title=\"charla-centro-medico\" data-e-action-hash=\"#elementor-action%3Aaction%3Dlightbox%26settings%3DeyJpZCI6NzU3LCJ1cmwiOiJodHRwczpcL1wvZnVuZGFjaW9ua2Fpcm9zLm9yZ1wvd3AtY29udGVudFwvdXBsb2Fkc1wvMjAyNVwvMDhcL2NoYXJsYS1jZW50cm8tbWVkaWNvLmpwZyIsInNsaWRlc2hvdyI6IjgwODg3OTdfNzQ0In0%3D\" href=\"https:\/\/fundacionkairos.org\/wp-content\/uploads\/2025\/08\/charla-centro-medico.jpg\">\n\t\t\t\t\t<div class=\"ee-media__wrapper ee-gallery__media-wrapper ee-gallery__tilt\"><div class=\"ee-media__thumbnail ee-gallery__media__thumbnail\">\n\t\t\t<img decoding=\"async\" src=\"https:\/\/fundacionkairos.org\/wp-content\/uploads\/2025\/08\/charla-centro-medico.jpg\" title=\"charla-centro-medico\" \/>\n\t\t<\/div><div class=\"ee-media__overlay ee-gallery__media__overlay\"><\/div><\/div>\n\t\t\t\t<\/a>\n\t\t\t<\/div><div class=\"ee-gallery__item ee-gallery__item--2 ee-grid__item\">\n\t\t\t\t<a class=\"ee-media ee-gallery__media\" data-elementor-open-lightbox=\"yes\" data-elementor-lightbox-slideshow=\"8088797_744\" data-elementor-lightbox-title=\"pacientes-centro-medi\" data-e-action-hash=\"#elementor-action%3Aaction%3Dlightbox%26settings%3DeyJpZCI6NzU0LCJ1cmwiOiJodHRwczpcL1wvZnVuZGFjaW9ua2Fpcm9zLm9yZ1wvd3AtY29udGVudFwvdXBsb2Fkc1wvMjAyNVwvMDhcL3BhY2llbnRlcy1jZW50cm8tbWVkaS5qcGciLCJzbGlkZXNob3ciOiI4MDg4Nzk3Xzc0NCJ9\" href=\"https:\/\/fundacionkairos.org\/wp-content\/uploads\/2025\/08\/pacientes-centro-medi.jpg\">\n\t\t\t\t\t<div class=\"ee-media__wrapper ee-gallery__media-wrapper ee-gallery__tilt\"><div class=\"ee-media__thumbnail ee-gallery__media__thumbnail\">\n\t\t\t<img decoding=\"async\" src=\"https:\/\/fundacionkairos.org\/wp-content\/uploads\/2025\/08\/pacientes-centro-medi.jpg\" title=\"pacientes-centro-medi\" \/>\n\t\t<\/div><div class=\"ee-media__overlay ee-gallery__media__overlay\"><\/div><\/div>\n\t\t\t\t<\/a>\n\t\t\t<\/div><div class=\"ee-gallery__item ee-gallery__item--3 ee-grid__item\">\n\t\t\t\t<a class=\"ee-media ee-gallery__media\" data-elementor-open-lightbox=\"yes\" data-elementor-lightbox-slideshow=\"8088797_744\" data-elementor-lightbox-title=\"ensenanza-centro-medico\" data-e-action-hash=\"#elementor-action%3Aaction%3Dlightbox%26settings%3DeyJpZCI6NzU1LCJ1cmwiOiJodHRwczpcL1wvZnVuZGFjaW9ua2Fpcm9zLm9yZ1wvd3AtY29udGVudFwvdXBsb2Fkc1wvMjAyNVwvMDhcL2Vuc2VuYW56YS1jZW50cm8tbWVkaWNvLmpwZyIsInNsaWRlc2hvdyI6IjgwODg3OTdfNzQ0In0%3D\" href=\"https:\/\/fundacionkairos.org\/wp-content\/uploads\/2025\/08\/ensenanza-centro-medico.jpg\">\n\t\t\t\t\t<div class=\"ee-media__wrapper ee-gallery__media-wrapper ee-gallery__tilt\"><div class=\"ee-media__thumbnail ee-gallery__media__thumbnail\">\n\t\t\t<img decoding=\"async\" src=\"https:\/\/fundacionkairos.org\/wp-content\/uploads\/2025\/08\/ensenanza-centro-medico.jpg\" title=\"ensenanza-centro-medico\" \/>\n\t\t<\/div><div class=\"ee-media__overlay ee-gallery__media__overlay\"><\/div><\/div>\n\t\t\t\t<\/a>\n\t\t\t<\/div><div class=\"ee-gallery__item ee-gallery__item--4 ee-grid__item\">\n\t\t\t\t<a class=\"ee-media ee-gallery__media\" data-elementor-open-lightbox=\"yes\" data-elementor-lightbox-slideshow=\"8088797_744\" data-elementor-lightbox-title=\"centro-medico-capacitacion\" data-e-action-hash=\"#elementor-action%3Aaction%3Dlightbox%26settings%3DeyJpZCI6NzU2LCJ1cmwiOiJodHRwczpcL1wvZnVuZGFjaW9ua2Fpcm9zLm9yZ1wvd3AtY29udGVudFwvdXBsb2Fkc1wvMjAyNVwvMDhcL2NlbnRyby1tZWRpY28tY2FwYWNpdGFjaW9uLmpwZyIsInNsaWRlc2hvdyI6IjgwODg3OTdfNzQ0In0%3D\" href=\"https:\/\/fundacionkairos.org\/wp-content\/uploads\/2025\/08\/centro-medico-capacitacion.jpg\">\n\t\t\t\t\t<div class=\"ee-media__wrapper ee-gallery__media-wrapper ee-gallery__tilt\"><div class=\"ee-media__thumbnail ee-gallery__media__thumbnail\">\n\t\t\t<img decoding=\"async\" src=\"https:\/\/fundacionkairos.org\/wp-content\/uploads\/2025\/08\/centro-medico-capacitacion.jpg\" title=\"centro-medico-capacitacion\" \/>\n\t\t<\/div><div class=\"ee-media__overlay ee-gallery__media__overlay\"><\/div><\/div>\n\t\t\t\t<\/a>\n\t\t\t<\/div><div class=\"ee-gallery__item ee-gallery__item--5 ee-grid__item\">\n\t\t\t\t<a class=\"ee-media ee-gallery__media\" data-elementor-open-lightbox=\"yes\" data-elementor-lightbox-slideshow=\"8088797_744\" data-elementor-lightbox-title=\"med-centro\" data-e-action-hash=\"#elementor-action%3Aaction%3Dlightbox%26settings%3DeyJpZCI6NzUyLCJ1cmwiOiJodHRwczpcL1wvZnVuZGFjaW9ua2Fpcm9zLm9yZ1wvd3AtY29udGVudFwvdXBsb2Fkc1wvMjAyNVwvMDhcL21lZC1jZW50cm8uanBnIiwic2xpZGVzaG93IjoiODA4ODc5N183NDQifQ%3D%3D\" href=\"https:\/\/fundacionkairos.org\/wp-content\/uploads\/2025\/08\/med-centro.jpg\">\n\t\t\t\t\t<div class=\"ee-media__wrapper ee-gallery__media-wrapper ee-gallery__tilt\"><div class=\"ee-media__thumbnail ee-gallery__media__thumbnail\">\n\t\t\t<img decoding=\"async\" src=\"https:\/\/fundacionkairos.org\/wp-content\/uploads\/2025\/08\/med-centro.jpg\" title=\"med-centro\" \/>\n\t\t<\/div><div class=\"ee-media__overlay ee-gallery__media__overlay\"><\/div><\/div>\n\t\t\t\t<\/a>\n\t\t\t<\/div><div class=\"ee-gallery__item ee-gallery__item--6 ee-grid__item\">\n\t\t\t\t<a class=\"ee-media ee-gallery__media\" data-elementor-open-lightbox=\"yes\" data-elementor-lightbox-slideshow=\"8088797_744\" data-elementor-lightbox-title=\"personal-centro-medico\" data-e-action-hash=\"#elementor-action%3Aaction%3Dlightbox%26settings%3DeyJpZCI6NzUzLCJ1cmwiOiJodHRwczpcL1wvZnVuZGFjaW9ua2Fpcm9zLm9yZ1wvd3AtY29udGVudFwvdXBsb2Fkc1wvMjAyNVwvMDhcL3BlcnNvbmFsLWNlbnRyby1tZWRpY28uanBnIiwic2xpZGVzaG93IjoiODA4ODc5N183NDQifQ%3D%3D\" href=\"https:\/\/fundacionkairos.org\/wp-content\/uploads\/2025\/08\/personal-centro-medico.jpg\">\n\t\t\t\t\t<div class=\"ee-media__wrapper ee-gallery__media-wrapper ee-gallery__tilt\"><div class=\"ee-media__thumbnail ee-gallery__media__thumbnail\">\n\t\t\t<img decoding=\"async\" src=\"https:\/\/fundacionkairos.org\/wp-content\/uploads\/2025\/08\/personal-centro-medico.jpg\" title=\"personal-centro-medico\" \/>\n\t\t<\/div><div class=\"ee-media__overlay ee-gallery__media__overlay\"><\/div><\/div>\n\t\t\t\t<\/a>\n\t\t\t<\/div><\/div>\n\t\t<\/div>\t\t\t\t<\/div>\n\t\t\t\t<\/div>\n\t\t\t\t\t<\/div>\n\t\t\t\t<\/div>\n\t\t<div class=\"elementor-element elementor-element-a686656 e-flex e-con-boxed e-con e-parent\" data-id=\"a686656\" data-element_type=\"container\">\n\t\t\t\t\t<div class=\"e-con-inner\">\n\t\t\t\t<div class=\"elementor-element elementor-element-2a4e567d elementor-widget elementor-widget-spacer\" data-id=\"2a4e567d\" data-element_type=\"widget\" data-widget_type=\"spacer.default\">\n\t\t\t\t<div class=\"elementor-widget-container\">\n\t\t\t\t\t\t\t<div class=\"elementor-spacer\">\n\t\t\t<div class=\"elementor-spacer-inner\"><\/div>\n\t\t<\/div>\n\t\t\t\t\t\t<\/div>\n\t\t\t\t<\/div>\n\t\t\t\t\t<\/div>\n\t\t\t\t<\/div>\n\t\t\t\t<\/div>","protected":false},"excerpt":{"rendered":"<p>Como parte del compromiso de nuestra fundaci\u00f3n con la formaci\u00f3n integral de ni\u00f1as, ni\u00f1os y adolescentes, contamos con un Centro M\u00e9dico Escolar al servicio de toda la comunidad educativa. Este espacio nace con la finalidad de cuidar, prevenir y promover la salud f\u00edsica y emocional de nuestros estudiantes, desde un enfoque humano, inclusivo y formativo. [&hellip;]<\/p>","protected":false},"author":1,"featured_media":0,"parent":0,"menu_order":0,"comment_status":"closed","ping_status":"closed","template":"elementor_header_footer","meta":{"footnotes":""},"class_list":["post-744","page","type-page","status-publish","hentry"],"_links":{"self":[{"href":"https:\/\/fundacionkairos.org\/en\/wp-json\/wp\/v2\/pages\/744","targetHints":{"allow":["GET"]}}],"collection":[{"href":"https:\/\/fundacionkairos.org\/en\/wp-json\/wp\/v2\/pages"}],"about":[{"href":"https:\/\/fundacionkairos.org\/en\/wp-json\/wp\/v2\/types\/page"}],"author":[{"embeddable":true,"href":"https:\/\/fundacionkairos.org\/en\/wp-json\/wp\/v2\/users\/1"}],"replies":[{"embeddable":true,"href":"https:\/\/fundacionkairos.org\/en\/wp-json\/wp\/v2\/comments?post=744"}],"version-history":[{"count":10,"href":"https:\/\/fundacionkairos.org\/en\/wp-json\/wp\/v2\/pages\/744\/revisions"}],"predecessor-version":[{"id":941,"href":"https:\/\/fundacionkairos.org\/en\/wp-json\/wp\/v2\/pages\/744\/revisions\/941"}],"wp:attachment":[{"href":"https:\/\/fundacionkairos.org\/en\/wp-json\/wp\/v2\/media?parent=744"}],"curies":[{"name":"wp","href":"https:\/\/api.w.org\/{rel}","templated":true}]}}

<p>Como parte del compromiso de nuestra fundación con la formación integral de niñas, niños y adolescentes, contamos con un Centro Médico Escolar al servicio de toda la comunidad educativa. Este espacio nace con la finalidad de cuidar, prevenir y promover la salud física y emocional de nuestros estudiantes, desde un enfoque humano, inclusivo y formativo. [&hellip;]</p>
